0 (base 11) to base 8
-5222
Convert -669 (base 11) to base 14.
-413
Convert -6734 (base 10) to base 3.
-100020102
Convert -1052 (base 14) to base 8.
-5400
-1312203 (base 4) to base 12
-4483
What is 1c1 (base 14) in base 15?
195
5104 (base 6) to base 2
10001100000
Convert -3014134 (base 5) to base 15.
-e37e
Convert 4405 (base 6) to base 8.
1765
Convert 4732 (base 14) to base 2.
11000001101000
What is -1e2 (base 15) in base 5?
-3222
20222211 (base 3) to base 15
179d
What is -303 (base 5) in base 7?
-141
232321 (base 4) to base 14
1145
Convert -22421 (base 8) to base 4.
-2110101
33321233 (base 4) to base 12
3183b
-5558 (base 9) to base 4
-1000013
Convert 2853 (base 9) to base 4.
201222
Convert b91 (base 12) to base 8.
3235
Convert -1387 (base 10) to base 14.
-711
Convert 10011110000100 (base 2) to base 4.
2132010
Convert 112211001 (base 3) to base 2.
10101000110001
Convert -514 (base 6) to base 12.
-13a
What is -10cbb (base 13) in base 15?
-9198
-5997 (base 13) to base 16
-3156
Convert -16061 (base 7) to base 16.
-1196
What is 312 (base 5) in base 13?
64
Convert 10110111011010 (base 2) to base 13.
545c
-117612 (base 8) to base 13
-15789
Convert 3222 (base 5) to base 11.
368
13415 (base 7) to base 14
147c
What is 136 (base 12) in base 6?
510
-374 (base 14) to base 6
-3110
Convert -33130 (base 10) to base 6.
-413214
73271 (base 9) to base 4
23303110
Convert -21011033 (base 4) to base 6.
-444115
Convert -dc2 (base 14) to base 7.
-10632
Convert -2c9 (base 13) to base 9.
-618
-95 (base 10) to base 14
-6b
14445 (base 8) to base 3
22211102
Convert -22706 (base 10) to base 13.
-a448
14e (base 15) to base 12
20b
Convert 1 (base 7) to base 12.
1
What is 1320 (base 11) in base 14?
8a8
-1621 (base 8) to base 12
-641
Convert -153101 (base 6) to base 4.
-3221131
What is -ca8 (base 16) in base 12?
-1a60
Convert -4525 (base 10) to base 15.
-151a
360 (base 12) to base 3
200200
-242477 (base 8) to base 3
-11020012211
-111020 (base 3) to base 11
-2a5
Convert 8b9 (base 16) to base 5.
32413
What is 1110202 (base 4) in base 13?
2602
What is -5ba (base 12) in base 4?
-31132
What is -1573 (base 11) in base 14?
-a40
Convert -4554 (base 10) to base 8.
-10712
-111101000001 (base 2) to base 16
-f41
Convert 2023321 (base 4) to base 15.
29bd
Convert 22a44 (base 13) to base 8.
173436
-126243 (base 7) to base 16
-5cf4
What is 3d (base 14) in base 9?
61
67133 (base 8) to base 12
14423
Convert -100021 (base 3) to base 5.
-2000
Convert 10100110001 (base 2) to base 10.
1329
What is -355 (base 6) in base 10?
-143
5818 (base 9) to base 15
1425
-21449 (base 11) to base 7
-156550
18584 (base 11) to base 13
ba9c
6240 (base 12) to base 7
43131
What is 3e8 (base 15) in base 14?
47b
Convert -43713 (base 10) to base 6.
-534213
What is 101212 (base 4) in base 9?
1481
What is 3429 (base 11) in base 9?
6158
Convert 32a9 (base 11) to base 2.
1000100000010
What is 2112 (base 12) in base 3?
11221212
What is 15 (base 12) in base 6?
25
What is 110000001011 (base 2) in base 7?
11663
Convert 476 (base 12) to base 6.
3030
-101 (base 13) to base 7
-332
Convert -5aca (base 14) to base 2.
-11110111110010
-5a70 (base 11) to base 9
-11804
What is -10332 (base 4) in base 3?
-102210
Convert 2230044 (base 5) to base 9.
60036
What is 21220101 (base 3) in base 9?
7811
What is 136511 (base 7) in base 6?
321505
What is 337 (base 9) in base 14?
15b
What is 2868 (base 14) in base 6?
53032
107b (base 15) to base 14
13b5
-270 (base 8) to base 12
-134
-89 (base 10) to base 16
-59
-88 (base 11) to base 6
-240
What is -231225 (base 7) in base 14?
-11085
Convert 20002133 (base 4) to base 7.
164666
Convert -6623 (base 8) to base 15.
-106a
4455 (base 7) to base 9
2176
What is -1071b (base 13) in base 11?
-20402
What is 1100111111 (base 2) in base 13?
4bc
What is 210200 (base 3) in base 8?
1111
Convert -110010110 (base 2) to base 12.
-29a
What is 2035 (base 6) in base 14?
247
Convert 116 (base 7) to base 9.
68
Convert -50321 (base 6) to base 7.
-25150
-16011 (base 9) to base 16
-2ac1
-534 (base 13) to base 14
-476
140 (base 15) to base 14
165
Convert 8981 (base 12) to base 2.
11101101110001
Convert 753 (base 10) to base 14.
3bb
What is 1323 (base 14) in base 4?
310203
Convert 611 (base 7) to base 5.
2202
-1722 (base 12) to base 6
-20442
What is -141 (base 11) in base 2?
-10100110
-2954 (base 11) to base 3
-12020010
What is -565 (base 12) in base 6?
-3405
-22100 (base 3) to base 11
-195
Convert -100110011111011 (base 2) to base 14.
-7279
What is 20401 (base 6) in base 9?
3671
-54b9 (base 12) to base 14
-35a5
Convert 121042 (base 5) to base 12.
274a
Convert 102302 (base 6) to base 7.
33152
What is 6206 (base 8) in base 2?
110010000110
What is 12210010 (base 3) in base 2?
1000001110111
Convert -62522 (base 10) to base 13.
-225c5
-3461 (base 7) to base 14
-668
What is 42144 (base 5) in base 4?
223233
8ed (base 16) to base 3
10010122
What is 3223002 (base 5) in base 2?
1101010111100000
187 (base 16) to base 12
287
What is -1100100101 (base 2) in base 4?
-30211
Convert -100101101111 (base 2) to base 9.
-3273
What is -1110110100 (base 2) in base 14?
-4ba
What is -4560 (base 8) in base 12?
-1494
What is 1212333 (base 4) in base 3?
100001010
What is 430240 (base 5) in base 2?
11100001101101
10015 (base 7) to base 10
2413
-1110100110101000 (base 2) to base 15
-12acb
What is -212122 (base 3) in base 4?
-21332
Convert 1020202 (base 3) to base 13.
551
Convert 553b (base 13) to base 6.
131000
Convert -2526 (base 12) to base 9.
-5683
Convert 10203201 (base 4) to base 9.
27530
What is -222 (base 10) in base 8?
-336
What is -13031 (base 6) in base 3?
-2200201
What is -22012 (base 9) in base 6?
-151315
-1300 (base 11) to base 10
-1694
Convert -1020 (base 5) to base 6.
-343
Convert 9628 (base 12) to base 13.
7643
Convert -1111011010 (base 2) to base 5.
-12421
What is -167115 (base 8) in base 3?
-10002200110
-4044302 (base 5) to base 2
-10000000000101001
What is 609a (base 11) in base 16?
1f9f
10101001111 (base 2) to base 12
953
-1011011101 (base 2) to base 13
-445
a852 (base 11) to base 9
21587
Convert 3472 (base 9) to base 2.
101000010000
Convert 10db0 (base 14) to base 4.
22002132
What is 668d (base 14) in base 4?
10111211
-4343 (base 10) to base 15
-1448
What is -1010111000101 (base 2) in base 16?
-15c5
Convert -10332 (base 4) to base 7.
-633
What is 1120021001 (base 3) in base 5?
1441213
122100100 (base 3) to base 15
3b30
Convert -413 (base 15) to base 2.
-1110010110
Convert -61 (base 10) to base 9.
-67
Convert 6015 (base 10) to base 9.
8223
-15583 (base 9) to base 6
-121250
What is -334340 (base 5) in base 3?
-121020201
What is 1465 (base 7) in base 5?
4321
What is -5448 (base 9) in base 2?
-111110101101
What is 470 (base 12) in base 10?
660
313204 (base 5) to base 4
2202331
236 (base 14) to base 11
370
Convert 3101 (base 6) to base 9.
841
What is 16d (base 16) in base 13?
221
Convert b (base 13) to base 6.
15
What is -1be8 (base 15) in base 13?
-29ba
-4a3 (base 13) to base 5
-11214
What is -1021323 (base 4) in base 16?
-127b
What is 61 (base 13) in base 8?
117
Convert -202 (base 15) to base 5.
-3302
What is 2012 (base 4) in base 8?
206
Convert 52020 (base 7) to base 3.
122102120
What is b218 (base 12) in base 5?
1104231
120002 (base 3) to base 16
197
Convert 13080 (base 11) to base 16.
4922
Convert -7 (base 10) to base 3.
-21
Convert -10043 (base 5) to base 3.
-220000
What is 304 (base 16) in base 8?
1404
What is aa90 (base 14) in base 12?
15106
Convert -207 (base 9) to base 3.
-20021
-111100110000 (base 2) to base 7
-14223
What is 111001010001 (base 2) in base 3?
12000202
Convert -172a3 (base 12) to base 6.
-413523
What is -2333 (base 5) in base 16?
-157
What is -1920 (base 11) in base 8?
-4612
Convert 224563 (base 7) to base 15.
bd1d
Convert -18785 (base 14) to base 7.
-345225
Convert 3040 (base 5) to base 11.
32a
What is -302 (base 8) in base 13?
-11c
139b (base 15) to base 6
31232
Convert 421023 (base 6) to base 4.
20102013
105405 (base 8) to base 11
24814
c1c (base 16) to base 2
110000011100
30000 (base 4) to base 6
3320
Convert 101110000110 (base 2) to base 7.
11413
What is -310 (base 12) in base 10?
-444
What is -3736 (base 8) in base 13?
-bbc
Convert 9ba7 (base 12) to base 3.
212200101
What is 839 (base 11) in base 5?
13020